{"id":921,"date":"2021-06-29T15:26:30","date_gmt":"2021-06-29T21:26:30","guid":{"rendered":"https:\/\/deliverymovil.com\/sanjuandelsur\/menu-restaurante-el-vivian\/menu\/ceviche-de-camaron\/"},"modified":"2025-04-14T20:58:59","modified_gmt":"2025-04-15T02:58:59","slug":"ceviche-de-camaron","status":"publish","type":"product","link":"https:\/\/deliverymovil.com\/sanjuandelsur\/menu-restaurante-el-vivian\/menu\/ceviche-de-camaron\/","title":{"rendered":"Ceviche de Camar\u00f3n"},"content":{"rendered":"<p>Ceviche de Camar\u00f3n<\/p>\n<div id=\"gtx-trans\" style=\"position: absolute; left: 10px; top: 6.6px;\">\n<div class=\"gtx-trans-icon\"><\/div>\n<\/div>\n","protected":false},"excerpt":{"rendered":"<p>Ceviche de Camar\u00f3n<\/p>\n","protected":false},"featured_media":1075,"template":"","meta":{"inline_featured_image":false},"product_brand":[],"product_cat":[588],"product_tag":[591,592],"class_list":{"0":"post-921","1":"product","2":"type-product","3":"status-publish","4":"has-post-thumbnail","6":"product_cat-ceviches","7":"product_tag-ceviche","8":"product_tag-shrimp","10":"first","11":"instock","12":"shipping-taxable","13":"purchasable","14":"product-type-simple"},"yoast_head":"<!-- This site is optimized with the Yoast SEO plugin v26.8 - https:\/\/yoast.com\/product\/yoast-seo-wordpress\/ -->\n<title>Ceviche de Camar\u00f3n - El Vivian | Delivery M\u00f3vil - San Juan del Sur, Nicaragua<\/title>\n<meta name=\"robots\" content=\"index, follow, max-snippet:-1, max-image-preview:large, max-video-preview:-1\" \/>\n<link rel=\"canonical\" href=\"https:\/\/deliverymovil.com\/sanjuandelsur\/menu-restaurante-el-vivian\/menu\/ceviche-de-camaron\/\" \/>\n<meta property=\"og:locale\" content=\"es_ES\" \/>\n<meta property=\"og:type\" content=\"article\" \/>\n<meta property=\"og:title\" content=\"Ceviche de Camar\u00f3n - El Vivian | Delivery M\u00f3vil - San Juan del Sur, Nicaragua\" \/>\n<meta property=\"og:description\" content=\"Ceviche de Camar\u00f3n\" \/>\n<meta property=\"og:url\" content=\"https:\/\/deliverymovil.com\/sanjuandelsur\/menu-restaurante-el-vivian\/menu\/ceviche-de-camaron\/\" \/>\n<meta property=\"og:site_name\" content=\"El Vivian | Delivery M\u00f3vil - San Juan del Sur, Nicaragua\" \/>\n<meta property=\"article:modified_time\" content=\"2025-04-15T02:58:59+00:00\" \/>\n<meta property=\"og:image\" content=\"https:\/\/deliverymovil.com\/sanjuandelsur\/menu-restaurante-el-vivian\/wp-content\/uploads\/sites\/55\/2022\/04\/Camaron-ceviche.jpg\" \/>\n\t<meta property=\"og:image:width\" content=\"640\" \/>\n\t<meta property=\"og:image:height\" content=\"426\" \/>\n\t<meta property=\"og:image:type\" content=\"image\/jpeg\" \/>\n<meta name=\"twitter:card\" content=\"summary_large_image\" \/>\n<script type=\"application\/ld+json\" class=\"yoast-schema-graph\">{\"@context\":\"https:\/\/schema.org\",\"@graph\":[{\"@type\":\"WebPage\",\"@id\":\"https:\/\/deliverymovil.com\/sanjuandelsur\/menu-restaurante-el-vivian\/menu\/ceviche-de-camaron\/\",\"url\":\"https:\/\/deliverymovil.com\/sanjuandelsur\/menu-restaurante-el-vivian\/menu\/ceviche-de-camaron\/\",\"name\":\"Ceviche de Camar\u00f3n - El Vivian | Delivery M\u00f3vil - San Juan del Sur, Nicaragua\",\"isPartOf\":{\"@id\":\"https:\/\/deliverymovil.com\/sanjuandelsur\/menu-restaurante-el-vivian\/#website\"},\"primaryImageOfPage\":{\"@id\":\"https:\/\/deliverymovil.com\/sanjuandelsur\/menu-restaurante-el-vivian\/menu\/ceviche-de-camaron\/#primaryimage\"},\"image\":{\"@id\":\"https:\/\/deliverymovil.com\/sanjuandelsur\/menu-restaurante-el-vivian\/menu\/ceviche-de-camaron\/#primaryimage\"},\"thumbnailUrl\":\"https:\/\/deliverymovil.com\/sanjuandelsur\/menu-restaurante-el-vivian\/wp-content\/uploads\/sites\/55\/2022\/04\/Camaron-ceviche.jpg\",\"datePublished\":\"2021-06-29T21:26:30+00:00\",\"dateModified\":\"2025-04-15T02:58:59+00:00\",\"breadcrumb\":{\"@id\":\"https:\/\/deliverymovil.com\/sanjuandelsur\/menu-restaurante-el-vivian\/menu\/ceviche-de-camaron\/#breadcrumb\"},\"inLanguage\":\"es\",\"potentialAction\":[{\"@type\":\"ReadAction\",\"target\":[\"https:\/\/deliverymovil.com\/sanjuandelsur\/menu-restaurante-el-vivian\/menu\/ceviche-de-camaron\/\"]}]},{\"@type\":\"ImageObject\",\"inLanguage\":\"es\",\"@id\":\"https:\/\/deliverymovil.com\/sanjuandelsur\/menu-restaurante-el-vivian\/menu\/ceviche-de-camaron\/#primaryimage\",\"url\":\"https:\/\/deliverymovil.com\/sanjuandelsur\/menu-restaurante-el-vivian\/wp-content\/uploads\/sites\/55\/2022\/04\/Camaron-ceviche.jpg\",\"contentUrl\":\"https:\/\/deliverymovil.com\/sanjuandelsur\/menu-restaurante-el-vivian\/wp-content\/uploads\/sites\/55\/2022\/04\/Camaron-ceviche.jpg\",\"width\":640,\"height\":426,\"caption\":\"Ceviche de Camar\u00f3n\"},{\"@type\":\"BreadcrumbList\",\"@id\":\"https:\/\/deliverymovil.com\/sanjuandelsur\/menu-restaurante-el-vivian\/menu\/ceviche-de-camaron\/#breadcrumb\",\"itemListElement\":[{\"@type\":\"ListItem\",\"position\":1,\"name\":\"Portada\",\"item\":\"https:\/\/deliverymovil.com\/sanjuandelsur\/menu-restaurante-el-vivian\/\"},{\"@type\":\"ListItem\",\"position\":2,\"name\":\"Ceviche de Camar\u00f3n\"}]},{\"@type\":\"WebSite\",\"@id\":\"https:\/\/deliverymovil.com\/sanjuandelsur\/menu-restaurante-el-vivian\/#website\",\"url\":\"https:\/\/deliverymovil.com\/sanjuandelsur\/menu-restaurante-el-vivian\/\",\"name\":\"El Vivian | Delivery M\u00f3vil - San Juan del Sur, Nicaragua\",\"description\":\"Servicio a Domicilio en SJDS\",\"publisher\":{\"@id\":\"https:\/\/deliverymovil.com\/sanjuandelsur\/menu-restaurante-el-vivian\/#organization\"},\"potentialAction\":[{\"@type\":\"SearchAction\",\"target\":{\"@type\":\"EntryPoint\",\"urlTemplate\":\"https:\/\/deliverymovil.com\/sanjuandelsur\/menu-restaurante-el-vivian\/?s={search_term_string}\"},\"query-input\":{\"@type\":\"PropertyValueSpecification\",\"valueRequired\":true,\"valueName\":\"search_term_string\"}}],\"inLanguage\":\"es\"},{\"@type\":\"Organization\",\"@id\":\"https:\/\/deliverymovil.com\/sanjuandelsur\/menu-restaurante-el-vivian\/#organization\",\"name\":\"El Vivian | Delivery M\u00f3vil - San Juan del Sur, Nicaragua\",\"url\":\"https:\/\/deliverymovil.com\/sanjuandelsur\/menu-restaurante-el-vivian\/\",\"logo\":{\"@type\":\"ImageObject\",\"inLanguage\":\"es\",\"@id\":\"https:\/\/deliverymovil.com\/sanjuandelsur\/menu-restaurante-el-vivian\/#\/schema\/logo\/image\/\",\"url\":\"https:\/\/deliverymovil.com\/sanjuandelsur\/menu-restaurante-el-vivian\/wp-content\/uploads\/sites\/55\/2022\/03\/logo-delivery-movil-nicaragua.svg\",\"contentUrl\":\"https:\/\/deliverymovil.com\/sanjuandelsur\/menu-restaurante-el-vivian\/wp-content\/uploads\/sites\/55\/2022\/03\/logo-delivery-movil-nicaragua.svg\",\"width\":314,\"height\":64,\"caption\":\"El Vivian | Delivery M\u00f3vil - San Juan del Sur, Nicaragua\"},\"image\":{\"@id\":\"https:\/\/deliverymovil.com\/sanjuandelsur\/menu-restaurante-el-vivian\/#\/schema\/logo\/image\/\"}}]}<\/script>\n<!-- \/ Yoast SEO plugin. -->","yoast_head_json":{"title":"Ceviche de Camar\u00f3n - El Vivian | Delivery M\u00f3vil - San Juan del Sur, Nicaragua","robots":{"index":"index","follow":"follow","max-snippet":"max-snippet:-1","max-image-preview":"max-image-preview:large","max-video-preview":"max-video-preview:-1"},"canonical":"https:\/\/deliverymovil.com\/sanjuandelsur\/menu-restaurante-el-vivian\/menu\/ceviche-de-camaron\/","og_locale":"es_ES","og_type":"article","og_title":"Ceviche de Camar\u00f3n - El Vivian | Delivery M\u00f3vil - San Juan del Sur, Nicaragua","og_description":"Ceviche de Camar\u00f3n","og_url":"https:\/\/deliverymovil.com\/sanjuandelsur\/menu-restaurante-el-vivian\/menu\/ceviche-de-camaron\/","og_site_name":"El Vivian | Delivery M\u00f3vil - San Juan del Sur, Nicaragua","article_modified_time":"2025-04-15T02:58:59+00:00","og_image":[{"width":640,"height":426,"url":"https:\/\/deliverymovil.com\/sanjuandelsur\/menu-restaurante-el-vivian\/wp-content\/uploads\/sites\/55\/2022\/04\/Camaron-ceviche.jpg","type":"image\/jpeg"}],"twitter_card":"summary_large_image","schema":{"@context":"https:\/\/schema.org","@graph":[{"@type":"WebPage","@id":"https:\/\/deliverymovil.com\/sanjuandelsur\/menu-restaurante-el-vivian\/menu\/ceviche-de-camaron\/","url":"https:\/\/deliverymovil.com\/sanjuandelsur\/menu-restaurante-el-vivian\/menu\/ceviche-de-camaron\/","name":"Ceviche de Camar\u00f3n - El Vivian | Delivery M\u00f3vil - San Juan del Sur, Nicaragua","isPartOf":{"@id":"https:\/\/deliverymovil.com\/sanjuandelsur\/menu-restaurante-el-vivian\/#website"},"primaryImageOfPage":{"@id":"https:\/\/deliverymovil.com\/sanjuandelsur\/menu-restaurante-el-vivian\/menu\/ceviche-de-camaron\/#primaryimage"},"image":{"@id":"https:\/\/deliverymovil.com\/sanjuandelsur\/menu-restaurante-el-vivian\/menu\/ceviche-de-camaron\/#primaryimage"},"thumbnailUrl":"https:\/\/deliverymovil.com\/sanjuandelsur\/menu-restaurante-el-vivian\/wp-content\/uploads\/sites\/55\/2022\/04\/Camaron-ceviche.jpg","datePublished":"2021-06-29T21:26:30+00:00","dateModified":"2025-04-15T02:58:59+00:00","breadcrumb":{"@id":"https:\/\/deliverymovil.com\/sanjuandelsur\/menu-restaurante-el-vivian\/menu\/ceviche-de-camaron\/#breadcrumb"},"inLanguage":"es","potentialAction":[{"@type":"ReadAction","target":["https:\/\/deliverymovil.com\/sanjuandelsur\/menu-restaurante-el-vivian\/menu\/ceviche-de-camaron\/"]}]},{"@type":"ImageObject","inLanguage":"es","@id":"https:\/\/deliverymovil.com\/sanjuandelsur\/menu-restaurante-el-vivian\/menu\/ceviche-de-camaron\/#primaryimage","url":"https:\/\/deliverymovil.com\/sanjuandelsur\/menu-restaurante-el-vivian\/wp-content\/uploads\/sites\/55\/2022\/04\/Camaron-ceviche.jpg","contentUrl":"https:\/\/deliverymovil.com\/sanjuandelsur\/menu-restaurante-el-vivian\/wp-content\/uploads\/sites\/55\/2022\/04\/Camaron-ceviche.jpg","width":640,"height":426,"caption":"Ceviche de Camar\u00f3n"},{"@type":"BreadcrumbList","@id":"https:\/\/deliverymovil.com\/sanjuandelsur\/menu-restaurante-el-vivian\/menu\/ceviche-de-camaron\/#breadcrumb","itemListElement":[{"@type":"ListItem","position":1,"name":"Portada","item":"https:\/\/deliverymovil.com\/sanjuandelsur\/menu-restaurante-el-vivian\/"},{"@type":"ListItem","position":2,"name":"Ceviche de Camar\u00f3n"}]},{"@type":"WebSite","@id":"https:\/\/deliverymovil.com\/sanjuandelsur\/menu-restaurante-el-vivian\/#website","url":"https:\/\/deliverymovil.com\/sanjuandelsur\/menu-restaurante-el-vivian\/","name":"El Vivian | Delivery M\u00f3vil - San Juan del Sur, Nicaragua","description":"Servicio a Domicilio en SJDS","publisher":{"@id":"https:\/\/deliverymovil.com\/sanjuandelsur\/menu-restaurante-el-vivian\/#organization"},"potentialAction":[{"@type":"SearchAction","target":{"@type":"EntryPoint","urlTemplate":"https:\/\/deliverymovil.com\/sanjuandelsur\/menu-restaurante-el-vivian\/?s={search_term_string}"},"query-input":{"@type":"PropertyValueSpecification","valueRequired":true,"valueName":"search_term_string"}}],"inLanguage":"es"},{"@type":"Organization","@id":"https:\/\/deliverymovil.com\/sanjuandelsur\/menu-restaurante-el-vivian\/#organization","name":"El Vivian | Delivery M\u00f3vil - San Juan del Sur, Nicaragua","url":"https:\/\/deliverymovil.com\/sanjuandelsur\/menu-restaurante-el-vivian\/","logo":{"@type":"ImageObject","inLanguage":"es","@id":"https:\/\/deliverymovil.com\/sanjuandelsur\/menu-restaurante-el-vivian\/#\/schema\/logo\/image\/","url":"https:\/\/deliverymovil.com\/sanjuandelsur\/menu-restaurante-el-vivian\/wp-content\/uploads\/sites\/55\/2022\/03\/logo-delivery-movil-nicaragua.svg","contentUrl":"https:\/\/deliverymovil.com\/sanjuandelsur\/menu-restaurante-el-vivian\/wp-content\/uploads\/sites\/55\/2022\/03\/logo-delivery-movil-nicaragua.svg","width":314,"height":64,"caption":"El Vivian | Delivery M\u00f3vil - San Juan del Sur, Nicaragua"},"image":{"@id":"https:\/\/deliverymovil.com\/sanjuandelsur\/menu-restaurante-el-vivian\/#\/schema\/logo\/image\/"}}]}},"_links":{"self":[{"href":"https:\/\/deliverymovil.com\/sanjuandelsur\/menu-restaurante-el-vivian\/wp-json\/wp\/v2\/product\/921","targetHints":{"allow":["GET"]}}],"collection":[{"href":"https:\/\/deliverymovil.com\/sanjuandelsur\/menu-restaurante-el-vivian\/wp-json\/wp\/v2\/product"}],"about":[{"href":"https:\/\/deliverymovil.com\/sanjuandelsur\/menu-restaurante-el-vivian\/wp-json\/wp\/v2\/types\/product"}],"wp:featuredmedia":[{"embeddable":true,"href":"https:\/\/deliverymovil.com\/sanjuandelsur\/menu-restaurante-el-vivian\/wp-json\/wp\/v2\/media\/1075"}],"wp:attachment":[{"href":"https:\/\/deliverymovil.com\/sanjuandelsur\/menu-restaurante-el-vivian\/wp-json\/wp\/v2\/media?parent=921"}],"wp:term":[{"taxonomy":"product_brand","embeddable":true,"href":"https:\/\/deliverymovil.com\/sanjuandelsur\/menu-restaurante-el-vivian\/wp-json\/wp\/v2\/product_brand?post=921"},{"taxonomy":"product_cat","embeddable":true,"href":"https:\/\/deliverymovil.com\/sanjuandelsur\/menu-restaurante-el-vivian\/wp-json\/wp\/v2\/product_cat?post=921"},{"taxonomy":"product_tag","embeddable":true,"href":"https:\/\/deliverymovil.com\/sanjuandelsur\/menu-restaurante-el-vivian\/wp-json\/wp\/v2\/product_tag?post=921"}],"curies":[{"name":"wp","href":"https:\/\/api.w.org\/{rel}","templated":true}]}}